 is 76631 - -517?
77350
In base 15, what is 434e2 + 1d5?
436c7
In base 3, what is -2000200000 + 12000102?
-1211122121
In base 6, what is 44503434 - -103?
44503541
In base 3, what is 10001012210022110 - 12?
10001012210022021
In base 2, what is 101011100010001011101001100 + 0?
101011100010001011101001100
In base 3, what is 12100211022201 + 1?
12100211022202
In base 7, what is -5 - 20346500?
-20346505
In base 13, what is a3 - -5a6245?
5a6318
In base 12, what is -83 + 713a3b?
713978
In base 3, what is -2001 + 112122000122?
112121221121
In base 16, what is 16022 + 47?
16069
In base 7, what is 5142244 - 4?
5142240
In base 4, what is -231200 + -222013?
-1113213
In base 13, what is -5a3 - -8b0?
30a
In base 5, what is -1203022301 + -4?
-1203022310
In base 6, what is -55024 - -34555?
-20025
In base 10, what is -74224564 - -5?
-74224559
In base 8, what is -41 - -1202470?
1202427
In base 5, what is 3402 - -340?
4242
In base 4, what is 3220300210 - 1231?
3220232313
In base 8, what is -7417311 + 42?
-7417247
In base 4, what is -133 - 20111102?
-20111301
In base 7, what is 102042 + -16236?
52503
In base 11, what is 64508 + -740a?
580a9
In base 4, what is 133330101 - 11132?
133312303
In base 5, what is -11122243 + 4021?
-11113222
In base 8, what is 160 + 241203?
241363
In base 14, what is -18b8b76 - 2?
-18b8b78
In base 8, what is -3510 - -34073?
30363
In base 8, what is 2 + 7472744?
7472746
In base 3, what is 11102002222122 + -2202?
11102002212220
In base 11, what is 68 - -7041?
70a9
In base 4, what is 3112130122 - 1?
3112130121
In base 8, what is 53431 - -1100?
54531
In base 10, what is -129 - 54939?
-55068
In base 8, what is 22222740 + -124?
22222614
In base 16, what is 5 + -7b880?
-7b87b
In base 6, what is 10113305012 - 3?
10113305005
In base 15, what is -6 - a435d2?
-a435d8
In base 12, what is -17 - -12019a?
120183
In base 7, what is 112112 + -3500?
105312
In base 12, what is 71 - 1805519?
-1805468
In base 13, what is 199498 + -64?
199434
In base 13, what is -7c - -1164a93?
1164a14
In base 13, what is -1a9b33 - -26b?
-1a9895
In base 16, what is 57 - 6120?
-60c9
In base 4, what is 1233212 + 21030?
1320302
In base 16, what is 27b5e2 - -12?
27b5f4
In base 14, what is -84 + 44399?
44315
In base 12, what is 8b - -134687?
134756
In base 10, what is 1 + 305756690?
305756691
In base 12, what is 2b - -142a9?
14318
In base 5, what is 13340441434 + 0?
13340441434
In base 14, what is 1cd + -4a5ca?
-4a3db
In base 11, what is 2a37 - -20702?
23639
In base 15, what is 1023440 - -1?
1023441
In base 13, what is b1 + -1a2a2?
-1a1c1
In base 4, what is -131 - 221130130311?
-221130131102
In base 16, what is 3d01 - 277e?
1583
In base 6, what is 1244233 - 504?
1243325
In base 13, what is 25 + 8991668?
8991690
In base 11, what is 2408 + -94628?
-92220
In base 9, what is 4 + 288871?
288875
In base 7, what is 15 - -23343?
23361
In base 13, what is 356049b - -1?
356049c
In base 10, what is 1912 - 13714?
-11802
In base 15, what is 5 - -a49aa4?
a49aa9
In base 8, what is -12247076 + -5?
-12247103
In base 11, what is 3 + -31241395?
-31241392
In base 15, what is 85aa960 + 1?
85aa961
In base 5, what is 304023003 + -3040?
304014413
In base 10, what is 516 + 97871?
98387
In base 16, what is -6ffd1ac + -1?
-6ffd1ad
In base 11, what is 730 + 1050a?
1113a
In base 3, what is 21220120 - 21100100?
120020
In base 14, what is 4890 + 66?
4916
In base 16, what is -274e + 2a5?
-24a9
In base 14, what is -1111 - -86786?
85675
In base 5, what is 3432 - -404101020?
404110002
In base 3, what is -2110110 - 11120?
-2122000
In base 13, what is -11c1c8b5 - -1?
-11c1c8b4
In base 8, what is 10262765 - 262?
10262503
In base 2, what is -1011 - 111000011110110110110101110?
-111000011110110110110111001
In base 6, what is -530034 - 104?
-530142
In base 13, what is 1531431b + -3?
15314318
In base 11, what is 5 - -3864a509?
3864a513
In base 9, what is 3 - -24548722?
24548725
In base 12, what is -125 + 147766?
147641
In base 6, what is -31414420 + 25?
-31414351
In base 13, what is c202 - -25?
c227
In base 12, what is -23 + 1547a0?
154779
In base 13, what is -289c6360 - 0?
-289c6360
In base 7, what is -5364 - -3151634?
3143240
In base 6, what is -12204 + 4201113?
4144505
In base 4, what is -11202211 + 3201332?
-2000213
In base 2, what is -10000011010100101100 - 10011111?
-10000011010111001011
In base 13, what is 1a0 - 1a45?
-1875
In base 16, what is -113c + -8d9e?
-9eda
In base 2, what is -10101001110010110000 + 1011?
-10101001110010100101
In base 16, what is -25b42 - ce9?
-2682b
In base 7, what is 1065221 + 16?
1065240
In base 5, what is -1041 - 33324340?
-33330431
In base 6, what is 20514531 - 501?
20514030
In base 11, what is 223 + 1a7272?
1a7495
In base 10, what is 9743033 - -2?
9743035
In base 10, what is 34015593 - -4?
34015597
In base 9, what is -13370464 + -1?
-13370465
In base 16, what is -4cae + -165b?
-6309
In base 3, what is -210201010 - -21112?
-210102121
In base 14, what is 3747 - 610?
3137
In base 15, what is -bd6 + -2e20e?
-2ede5
In base 9, what is -8 - 88871427?
-88871436
In base 15, what is -2e - 1ce1a?
-1ce49
In base 10, what is -162330 - -58?
-162272
In base 9, what is -4 - 45583070?
-45583074
In base 11, what is 331958 + 7?
331964
In base 7, what is 0 + -15322141?
-15322141
In base 5, what is -10440420 - -1034?
-10434331
In base 8, what is -20664504 - -3?
-20664501
In base 16, what is 6e7 - 12ad1?
-123ea
In base 14, what is 3 - -160d5a?
160d5d
In base 16, what is 3947 + 234b?
5c92
In base 12, what is 130790 - 1660?
12b130
In base 4, what is 111231113 - 1023?
111230030
In base 8, what is 265640337 - -1?
265640340
In base 7, what is -1333202 - 341?
-1333543
In base 12, what is -6 - -287a76?
287a70
In base 3, what is -2012221101 - 122120?
-2020120221
In base 16, what is 5e5 - -2d6?
8bb
In base 11, what is -16562a6 + -6?
-1656301
In base 11, what is -a47a1 - 4a?
-a4840
In base 12, what is -94 - 3311b?
-331b3
In base 12, what is 4 + -4220840?
-4220838
In base 3, what is -200 + -112011222111?
-112012000011
In base 8, what is -27410631 - 152?
-27411003
In base 6, what is -10100 - 2555?
-13055
In base 7, what is 31121136 + -266?
31120540
In base 7, what is 1523361 + -32?
1523326
In base 16, what is 221e + -cfeb?
-adcd
In base 11, what is -6866a2 + -3?
-6866a5
In base 7, what is -10 - -104544615?
104544605
In base 3, what is 111002201010112 - -2?
111002201010121
In base 9, what is 2154 + -37148?
-34884
In base 12, what is -1 - 1b50775?
-1b50776
In base 7, what is 140556 - 222?
140334
In base 13, what is 41704598 - -3?
4170459b
In base 13, what is -53b + 423a?
39cc
In base 10, what is -15215 - -19171?
3956
In base 14, what is 0 - 103861?
-103861
In base 16, what is 14 + -1198c8?
-1198b4
In base 14, what is -5 + 12630b4?
12630ad
In base 9, what is -1182876882 + 0?
-1182876882
In base 7, what is 60416543205 + 0?
60416543205
In base 11, what is -4374 + 2773?
-1701
In base 14, what is -20 - -889619?
8895d9
In base 3, what is -2020202 - -221022010110?
221012212201
In base 5, what is -10223213231 - -1?
-10223213230
In base 3, what is -12122 - 110220222?
-111010121
In base 4, what is 202013211 - -10121?
202023332
In base 3, what is 20202 + -10121211?
-10101002
In base 14, what is a67 + -8881?
-7c18
In base 16, what is 2fad + 15c?
3109
In base 4, what is 1300312301 - -20020?
1300332321
In base 10, what is -2571244 + -412?
-2571656
In base 10, what is -669 + -41372?
-42041
In base 14, what is 47d041 - -16?
47d057
In base 16, what is -5cd87 - e?
-5cd95
In base 11, what is -1574 - -213201?
211738
In base 8, what is -11243110 - 5?
-11243115
In base 16, what is 9db - -3c87?
4662
In base 12, what is -6 - -32b44?
32b3a
In base 16, what is -1f6 - 41ebf?
-420b5
In base 7, what is -202 + 303020?
302515
In base 2, what is 1001110110011010000110 + 10100100?
1001110110011100101010
In base 4, what is -2 + -101122201?
-101122203
In base 9, what is 354165822 + -1?
354165821
In base 9, what is 38 - 36352734?
-36352685
In base 14, what is -83ab3 + -877?
-8454a
In base 6, what is -33 + 403031505?
403031432
In base 12, what is 66 + 761a?
7684
In base 6, what is -114 - 5320010?
-5320124
In base 3, what is -1221 + -20022001110211?
-20022001112202
In base 16, what is -21fbb + -71?
-2202c
In base 4, what is -1131020 + -10302?
-1201322
I